 2*l + 230 = -497. Suppose -42 = -d + 3*y, 0*y + y + 113 = 4*d. What is the highest common divisor of d and a?
27
Suppose -y + 6*y = -4*a - 1, -2*y + 2 = 4*a. Let d(r) = -6*r**2 + r. Let z be d(a). Let q = -1 - z. Calculate the highest common divisor of q and 4.
4
Let z be 2/(2/30*3). Suppose 2*a = -m + 39 + 12, a - 3*m = 22. What is the highest common factor of a and z?
5
Let w(r) = -r**2 - 10*r + 9. Let j be 2/2*10/(-1). Let x be w(j). Calculate the highest common factor of 45 and x.
9
Let j(l) = -l - 3. Let d be j(-3). Suppose 4*r + 2*y = 4, -4*r + d*r = -5*y - 4. Let m be 8 + (2/2 - 0). Calculate the highest common divisor of r and m.
1
Let z be 0/(1/(3 + -2)). Suppose 12 = 4*g - z*g. Let l = 4 + g. Calculate the highest common divisor of 28 and l.
7
Let q be 5*((-2)/3 + (-292)/(-60)). What is the highest common factor of 3 and q?
3
Suppose 0 = 3*p - 6, 3*p = -3*i - 0*i + 9. Let d be i*0/2 - 2. Let t be (-3)/(-12)*d*-104. What is the greatest common factor of 13 and t?
13
Let g(a) = a**2 + 5*a + 1. Let t be g(-5). Let h be 44/6*3*t. Calculate the greatest common divisor of h and 242.
22
Suppose -36 = -3*w - 6*w. What is the highest common factor of 32 and w?
4
Suppose 7*y - 2*y + 25 = 0, z = -5*y - 10. What is the highest common factor of 15 and z?
15
Let s = 5 + 0. Suppose s*b = -0*b + 65. Let q = 72 + -33. What is the greatest common factor of q and b?
13
Suppose -2*x - x = 5*h - 74, -102 = -4*x - 5*h. Suppose 3*o = 74 + 52. What is the greatest common divisor of x and o?
14
Let h = 2 + 1. Suppose 4*i = 5*i - 3. Calculate the greatest common factor of i and h.
3
Let o be (-6)/(-2) + (-140)/(1 + -2). What is the highest common factor of o and 13?
13
Suppose 2*l + 3*l - 32 = -3*z, -15 = 3*l. Suppose 3*x - 3 = 0, 4*t - t - 341 = x. Calculate the greatest common divisor of t and z.
19
Let p(o) = o**2 - 8*o + 6. Let y be p(9). Let a be (-6)/y*(-5)/2. What is the greatest common factor of 1 and a?
1
Let p(z) = -z**3 - 12*z**2 + 17*z - 28. Let o be p(-14). What is the greatest common factor of o and 14?
14
Let x(c) = -c**3 + 8*c**2 + 9*c + 2. Let p be x(9). Suppose p*a = 25 + 15. What is the highest common divisor of a and 5?
5
Let o(z) = -z**2 - 8*z - 7. Let c be o(-6). Suppose c*b - 3 = 7. Suppose -2*v = m - 34, v + b*m + 7 = 2*v. What is the greatest common divisor of v and 5?
5
Let y(d) = -d**3 + 8*d**2 - 5*d + 2. Let k be y(7). Let g = k + -4. Suppose 0 = -15*h + 5*h + 180. What is the greatest common factor of g and h?
6
Let b be 2 - ((-16)/4 - -3). What is the greatest common divisor of b and 6?
3
Let u(v) = -v**3 + 11*v**2 - 19*v + 12. Let q be u(9). What is the greatest common factor of q and 9?
3
Let g be -3 + (-2 - 14 - 1). Let r = g + 32. What is the highest common divisor of 120 and r?
12
Let y(z) = 2*z**2 + 2*z - 7. Let w be y(-5). Let i = w + -15. Calculate the highest common divisor of i and 12.
6
Let f(q) = q**2 - 6*q + 19. Let l be f(6). What is the highest common factor of l and 95?
19
Let j = 119 - 75. Let h = -26 + j. Calculate the greatest common factor of h and 9.
9
Let g = -1 - -1. Let m(i) be the second derivative of -i**4/12 + i**3/6 + 2*i**2 + 6*i. Let s be m(g). Calculate the highest common divisor of s and 28.
4
Let z = 8 - -32. Let a be 87/9 - 2/(-6). Calculate the highest common factor of z and a.
10
Let w = -12 - -24. Suppose 0 = -2*l - 2*l - w, 0 = -5*y + 5*l + 225. What is the highest common factor of y and 28?
14
Let m(t) = -t**2 + 16*t + 17. Let u be m(13). Calculate the greatest common factor of u and 14.
14
Let k be 6 + -10*5/(-10). What is the greatest common factor of k and 22?
11
Let m(c) = -c**2 - 8*c. Suppose 18 - 53 = 5*f. Let y be m(f). Suppose -4*n = 16, 0 = -4*b - 3*n + 5 + y. What is the greatest common divisor of 6 and b?
6
Let k(x) = 4*x + 3. Let u be k(-2). Let o(w) = -w**3 - 5*w**2 - 5*w - 4. Let b be o(u). Suppose -n = -6 - 1. What is the greatest common factor of n and b?
7
Suppose -8*v + 264 = -3*v + b, -3*v = -3*b - 144. What is the greatest common divisor of 39 and v?
13
Suppose 5*f - 44 - 11 = 0. What is the greatest common divisor of f and 11?
11
Let s be (-1)/((-2)/(-6)) - 1. Let d(z) = -z**3 - 2*z**2 + 7*z + 5. Let u be d(s). What is the greatest common divisor of 72 and u?
9
Let u = -40 + 112. Let c(z) = z + 1. Let j be c(7). Calculate the highest common factor of j and u.
8
Suppose 2*w + 8 = o, 4*w = -3*o + 5*w + 9. Suppose 3*c - o = -5, -5*l = -5*c - 55. Suppose 0 = -5*z - 4 + 24. Calculate the highest common divisor of l and z.
2
Let j(i) = 146*i. Let u = -3 + 4. Let r be j(u). Suppose -r + 6 = -2*p. Calculate the highest common factor of p and 28.
14
Suppose 70 = -3*m + 10*m. What is the highest common divisor of 70 and m?
10
Suppose 8 = 5*n + 4*w - 28, 4*n - 5*w = -4. Calculate the greatest common divisor of 6 and n.
2
Suppose 13 + 52 = u. Let v = -113 + 139. Calculate the highest common divisor of u and v.
13
Let g = 243 + -163. Let p(f) = -f**3 + 5*f - 3*f**2 - 2*f**2 + 1 + 1. Let r be p(-6). Calculate the highest common factor of r and g.
8
Let w be (-50)/(-18) - (-2)/9. Suppose 7 + 17 = -w*h. Let u be (-90)/h - 3/12. What is the greatest common factor of 33 and u?
11
Suppose -3*n = 2*u + 2, 4*n + 3 = -5. Let s = u - -1. Suppose 4*z - 42 + 14 = -4*w, -2*z + 24 = -s*w. Calculate the highest common factor of 36 and z.
9
Let v(u) = -u**2 + 63. Let r be v(0). Suppose d - 1 = 6. What is the highest common factor of r and d?
7
Suppose 0 = -2*g - 3*w - 2*w + 30, 0 = w - 2. What is the highest common factor of g and 15?
5
Suppose -4*b + 180 = -2*s, b + 5*s = 2*s + 45. Calculate the greatest common divisor of 27 and b.
9
Suppose -d + 4*d = j + 37, -29 = -3*d + 5*j. Let x = d + -10. Calculate the greatest common factor of 24 and x.
3
Let s(u) = -u**2 - 8*u - 5. Let q(w) = -w**3 - 2*w**2 + 3*w + 3. Let r be q(-2). Let m be s(r). What is the greatest common factor of 50 and m?
10
Let o = -51 + 73. Calculate the highest common factor of o and 2.
2
Suppose -2*b + 5*p = -20, -p - 4 = -0*p. Suppose b*y + 90 = 3*i + 5*y, y = 0. Calculate the greatest common divisor of 6 and i.
6
Suppose 5*t + 5*w = 25, 5*t - 3*w - 4 - 61 = 0. What is the greatest common divisor of 2 and t?
2
Let h = 133 + -97. What is the greatest common factor of h and 24?
12
Suppose 2*k = -1 + 19. What is the highest common factor of k and 99?
9
Let d(u) = u - 4. Let n be d(5). Let z = -3 + 5. Let f be (z*5 - 1)*1. What is the greatest common factor of f and n?
1
Suppose 0 = 2*f - 4*f + 22. Let p be (2 + -3)*(-1 + 2). Let b = f + p. What is the greatest common factor of b and 80?
10
Let x be (-5 - -1)*(-6)/8. Let f(t) = t**2 - 7*t + 1. Let c(r) = -r**2 - 6*r - 1. Let z be c(-4). Let l be f(z). What is the greatest common factor of x and l?
1
Suppose -40 = y - 6*y. Calculate the greatest common factor of 2 and y.
2
Let q = 20 - 18. Let o = 3 + -1. Suppose -156 = -q*r - o*r. What is the highest common divisor of r and 26?
13
Let l be (20/(-6))/(1/3). Let s be (130/(-25))/(2/l). Let n = s + -18. Calculate the greatest common divisor of n and 88.
8
Suppose 4*m + 25 = u, -3*m = -u - 0*u + 21. Suppose 0 = 4*h - u - 27. What is the highest common factor of h and 27?
9
Suppose 164 = 4*b - 2*m, 5*m + 116 = 3*b - 0*b. Let c(h) = 3*h - 3. Let j be c(-4). Let x = 36 + j. Calculate the greatest common divisor of b and x.
21
Suppose -s + 0*s = 3*u - 69, 4*u = 2*s - 178. Suppose 0 = -2*y + 5*y - 27. Calculate the highest common divisor of y and s.
9
Suppose r = -1 + 37. Suppose -v + 1 = -2*p, 2*p = -4*v + 35 + 9. Calculate the greatest common factor of v and r.
9
Suppose 4*m = -m + 30. Let y be -26*(-1 - (-1)/2). Let b = y + -9. What is the greatest common divisor of m and b?
2
Let i = 44 + 110. Suppose 0 = -5*o - 3*m + 55, -2*o - 5*m + 8 = -m. Calculate the greatest common factor of o and i.
14
Let u be (0 + (0 - -13))/1. Calculate the greatest common factor of 104 and u.
13
Let n be 7490/55 + 4/(-22). What is the highest common factor of n and 17?
17
Suppose i = -0*c + 5*c - 122, -5*c = 5*i - 110. What is the highest common divisor of c and 120?
24
Let u = 57 + 69. What is the highest common divisor of u and 18?
18
Suppose 2*h = 3*c + 3, -5*h - 2*c = -c + 18. Let n = h - -11. Calculate the greatest common factor of n and 64.
8
Let 